{"id":614,"date":"2026-02-27T16:56:11","date_gmt":"2026-02-27T15:56:11","guid":{"rendered":"https:\/\/ruettger.de\/web10\/?page_id=614"},"modified":"2026-03-04T22:12:11","modified_gmt":"2026-03-04T21:12:11","slug":"614-2","status":"publish","type":"page","link":"https:\/\/ruettger.de\/index.php\/614-2\/","title":{"rendered":"Kontakt"},"content":{"rendered":"\n<div class=\"wp-block-group alignfull has-base-2-background-color has-background has-global-padding is-layout-constrained wp-container-core-group-is-layout-d89aad35 wp-block-group-is-layout-constrained\" style=\"margin-top:0;margin-bottom:0;padding-top:var(--wp--preset--spacing--50);padding-right:var(--wp--preset--spacing--50);padding-bottom:var(--wp--preset--spacing--50);padding-left:var(--wp--preset--spacing--50)\">\n<div class=\"wp-block-columns alignwide is-layout-flex wp-container-core-columns-is-layout-1da03c2a wp-block-columns-is-layout-flex\">\n<div class=\"wp-block-column is-vertically-aligned-center is-layout-flow wp-block-column-is-layout-flow\" style=\"flex-basis:60%\">\n<figure class=\"wp-block-image size-full is-style-rounded wp-duotone-unset-2 is-style-rounded--1\"><img loading=\"lazy\" decoding=\"async\" width=\"1600\" height=\"1067\" src=\"https:\/\/ruettger.de\/wp-content\/uploads\/2026\/02\/DSC_0226.jpg\" alt=\"\" class=\"wp-image-139\" style=\"aspect-ratio:4\/3;object-fit:cover\" srcset=\"https:\/\/ruettger.de\/wp-content\/uploads\/2026\/02\/DSC_0226.jpg 1600w, https:\/\/ruettger.de\/wp-content\/uploads\/2026\/02\/DSC_0226-300x200.jpg 300w, https:\/\/ruettger.de\/wp-content\/uploads\/2026\/02\/DSC_0226-1024x683.jpg 1024w, https:\/\/ruettger.de\/wp-content\/uploads\/2026\/02\/DSC_0226-768x512.jpg 768w, https:\/\/ruettger.de\/wp-content\/uploads\/2026\/02\/DSC_0226-1536x1024.jpg 1536w\" sizes=\"auto, (max-width: 1600px) 100vw, 1600px\" \/><\/figure>\n<\/div>\n\n\n\n<div class=\"wp-block-column is-layout-flow wp-block-column-is-layout-flow\" style=\"flex-basis:40%\">\n<h2 class=\"wp-block-heading\">Kontakt <\/h2>\n\n\n\n<p>Bei uns ist von Montag-Samstag f\u00fcr Sie ge\u00f6ffnet. Wir beraten Sie beim Weinkauf gerne.<\/p>\n\n\n\n<p>\u00d6ffnungszeiten:<\/p>\n\n\n\n<p>Montag-Freitag: 8-12 &amp; 13 &#8211; 17:30<\/p>\n\n\n\n<p>Samstags: 9-12 &amp; 13-16:30<\/p>\n\n\n\n<p>Rudi R\u00fcttger<br>Mittelgasse 56<br>67271 Neuleiningen<\/p>\n<\/div>\n<\/div>\n<\/div>\n\n\n\n<div class=\"wp-block-group alignfull has-base-2-background-color has-background has-global-padding is-layout-constrained wp-container-core-group-is-layout-d89aad35 wp-block-group-is-layout-constrained\" style=\"margin-top:0;margin-bottom:0;padding-top:var(--wp--preset--spacing--50);padding-right:var(--wp--preset--spacing--50);padding-bottom:var(--wp--preset--spacing--50);padding-left:var(--wp--preset--spacing--50)\">\n<div class=\"wp-block-columns alignwide is-layout-flex wp-container-core-columns-is-layout-1da03c2a wp-block-columns-is-layout-flex\">\n<div class=\"wp-block-column is-layout-flow wp-block-column-is-layout-flow\" style=\"flex-basis:40%\">\n<h2 class=\"wp-block-heading\">Bestellungen<\/h2>\n\n\n\n<p>Interessieren Sie sich f\u00fcr unsere Preisliste? Haben Sie Fragen zu unseren Weinen? Kontaktieren Sie uns gerne per mail oder Telefon, wenn Sie m\u00f6chten durch Klick auf den Button.<\/p>\n\n\n\n<div class=\"wp-block-buttons is-layout-flex wp-block-buttons-is-layout-flex\">\n<div class=\"wp-block-button is-style-outline is-style-outline--3\"><a class=\"wp-block-button__link wp-element-button\" href=\"mailto:info@ruettger.de\">info@ruettger.de<\/a><\/div>\n<\/div>\n\n\n\n<div class=\"wp-block-buttons is-layout-flex wp-block-buttons-is-layout-flex\">\n<div class=\"wp-block-button is-style-outline is-style-outline--4\"><a class=\"wp-block-button__link wp-element-button\" href=\"tel:+4963592905\">Telefon: 06359 2905<\/a><\/div>\n<\/div>\n\n\n\n<p>Wir freuen uns von Ihnen zu h\u00f6ren!<\/p>\n\n\n\n<p>Ihre Familie R\u00fcttger<\/p>\n<\/div>\n\n\n\n<div class=\"wp-block-column is-vertically-aligned-center is-layout-flow wp-block-column-is-layout-flow\" style=\"flex-basis:60%\">\n<figure class=\"wp-block-image size-full is-style-rounded wp-duotone-unset-6 is-style-rounded--5\"><img loading=\"lazy\" decoding=\"async\" width=\"2560\" height=\"1707\" src=\"https:\/\/ruettger.de\/wp-content\/uploads\/2026\/02\/03-Maerz-scaled.jpg\" alt=\"\" class=\"wp-image-470\" srcset=\"https:\/\/ruettger.de\/wp-content\/uploads\/2026\/02\/03-Maerz-scaled.jpg 2560w, https:\/\/ruettger.de\/wp-content\/uploads\/2026\/02\/03-Maerz-300x200.jpg 300w, https:\/\/ruettger.de\/wp-content\/uploads\/2026\/02\/03-Maerz-1024x683.jpg 1024w, https:\/\/ruettger.de\/wp-content\/uploads\/2026\/02\/03-Maerz-768x512.jpg 768w, https:\/\/ruettger.de\/wp-content\/uploads\/2026\/02\/03-Maerz-1536x1024.jpg 1536w, https:\/\/ruettger.de\/wp-content\/uploads\/2026\/02\/03-Maerz-2048x1365.jpg 2048w\" sizes=\"auto, (max-width: 2560px) 100vw, 2560px\" \/><\/figure>\n<\/div>\n<\/div>\n<\/div>\n","protected":false},"excerpt":{"rendered":"<p>Kontakt Bei uns ist von Montag-Samstag f\u00fcr Sie ge\u00f6ffnet. Wir beraten Sie beim Weinkauf gerne. \u00d6ffnungszeiten: Montag-Freitag: 8-12 &amp; 13 &#8211; 17:30 Samstags: 9-12 &amp; 13-16:30 Rudi R\u00fcttgerMittelgasse 5667271 Neuleiningen Bestellungen Interessieren Sie sich f\u00fcr unsere Preisliste? Haben Sie Fragen zu unseren Weinen? Kontaktieren Sie uns gerne per mail oder Telefon, wenn Sie m\u00f6chten durch [&hellip;]<\/p>\n","protected":false},"author":1,"featured_media":0,"parent":0,"menu_order":0,"comment_status":"closed","ping_status":"closed","template":"page-no-title","meta":{"footnotes":""},"class_list":["post-614","page","type-page","status-publish","hentry"],"_links":{"self":[{"href":"https:\/\/ruettger.de\/index.php\/wp-json\/wp\/v2\/pages\/614","targetHints":{"allow":["GET"]}}],"collection":[{"href":"https:\/\/ruettger.de\/index.php\/wp-json\/wp\/v2\/pages"}],"about":[{"href":"https:\/\/ruettger.de\/index.php\/wp-json\/wp\/v2\/types\/page"}],"author":[{"embeddable":true,"href":"https:\/\/ruettger.de\/index.php\/wp-json\/wp\/v2\/users\/1"}],"replies":[{"embeddable":true,"href":"https:\/\/ruettger.de\/index.php\/wp-json\/wp\/v2\/comments?post=614"}],"version-history":[{"count":5,"href":"https:\/\/ruettger.de\/index.php\/wp-json\/wp\/v2\/pages\/614\/revisions"}],"predecessor-version":[{"id":853,"href":"https:\/\/ruettger.de\/index.php\/wp-json\/wp\/v2\/pages\/614\/revisions\/853"}],"wp:attachment":[{"href":"https:\/\/ruettger.de\/index.php\/wp-json\/wp\/v2\/media?parent=614"}],"curies":[{"name":"wp","href":"https:\/\/api.w.org\/{rel}","templated":true}]}}